+ 3. Is i(y) a composite number?
False
Let x be 284/8*(1 + 21). Let p = -413 + x. Suppose 5*r = 4*j + p + 73, 4*r + 4*j - 360 = 0. Is r composite?
False
Let y(a) = 33*a**2 - 5*a - 3. Is y(-3) a composite number?
True
Let a be (-10)/5 - (0 + -135). Suppose 2*x = -x - 4*u + a, 4*x - 152 = u. Is x a prime number?
False
Is (-3)/(-3 + 288/97) prime?
True
Suppose v = 3*v - 5458. Is v a composite number?
False
Is -12*((-604)/8 + 3) - 1 composite?
True
Let j(w) = -233*w - 37. Is j(-6) composite?
False
Let j(c) = -11*c + 6. Let i be j(-9). Let q = -40 + i. Let m = 114 - q. Is m prime?
False
Let m = -427 + 734. Is m a prime number?
True
Suppose 0 = -3*f + 6*f + 15. Let m(z) be the third derivative of z**5/20 + 7*z**4/24 - z**3/6 - 4*z**2. Is m(f) prime?
False
Let v = -19 - -13. Is ((-4)/v)/((-2)/(-615)) a prime number?
False
Let z = 2 - 8. Let k(u) = 2*u**2 + 9*u + 5. Is k(z) a prime number?
True
Let q(s) = 338*s + 13. Let k(j) = 135*j + 5. Let z(w) = 13*k(w) - 5*q(w). Is z(1) prime?
False
Suppose z + 2524 = 3*i, -z = -0 - 5. Is i a prime number?
False
Is 2515/7 + (-14)/49 a composite number?
False
Let q = -183 + 520. Is q a composite number?
False
Let s(i) = 45*i**2 + i - 3. Let k be s(3). Let g = k + -112. Is g a prime number?
True
Suppose 0 = h - f - 60 - 57, -2*h = -f - 230. Is h a prime number?
True
Suppose 2*z = -4*a + 366, 4*a - 5*z - 275 = 126. Is a composite?
True
Let h(u) = -u. Let n(c) = 4*c + 1. Let y(l) = -5*h(l) + n(l). Is y(4) composite?
False
Suppose 1439 = -0*x + 5*x - 3*h, 5*h = 2*x - 568. Is x a prime number?
False
Let h(o) = -o**2 - 4*o + 1. Let l be h(-8). Let m = 102 + l. Is m composite?
False
Let h = 193 + -373. Let q = h - -128. Is (-3)/(4/(q/3)) prime?
True
Suppose 0 = 4*v + 281 - 4629. Is v prime?
True
Suppose -4*o + 5*n + 257 = -754, -4*o - 4*n + 984 = 0. Is o a prime number?
False
Let w(j) = -16*j**2 + 9*j + 4 + 19*j**2 + 1. Is w(-6) a composite number?
False
Let p(j) = 75*j**2 - 6*j - 19. Is p(-3) a prime number?
False
Let q(x) be the second derivative of x**4/12 + x**3/3 + 7*x**2/2 - x. Let h be q(-5). Let v = 31 + h. Is v a composite number?
False
Let a = 4 + -1. Suppose -15 = 3*v, 0*w + a*v = 5*w - 395. Suppose -30 = 2*q - w. Is q prime?
True
Let t(o) = 2*o**2 + 5*o + 8. Suppose i = -5*d - 24 - 13, d = 3*i - 1. Is t(d) a prime number?
True
Let u(c) = -7*c**3 - c**2 - 3*c - 1. Let r(o) = -o**2 - 8*o - 2. Let a be r(-8). Let s be u(a). Suppose s = d + 4. Is d a prime number?
True
Suppose 3*j - l = 1507, 4*j - 660 = -l + 1354. Is j a composite number?
False
Let d be ((-10)/(-8))/(4/16). Suppose d*q - 610 - 85 = 0. Is q composite?
False
Let k(h) = 20*h**3 + 7*h**2 - 10*h + 9. Is k(4) a composite number?
False
Suppose -2*t = -0*t + 2*x - 528, 3*t - 5*x - 784 = 0. Is t a prime number?
True
Suppose -j + 4*n = 2*j - 211, 0 = -5*j + 2*n + 347. Is j a composite number?
True
Let d(k) = -2*k**3 - 5*k**2 - 3*k + 4. Is d(-3) a prime number?
False
Let k(h) = -4*h**3 - h**2 - h + 2. Let g be k(-2). Let s be (-3)/24*-4 + 315/6. Let o = s - g. Is o a composite number?
True
Let i = 586 - 257. Is i composite?
True
Is 2079/35 - (-2)/(-5) prime?
True
Suppose -758 = -2*z + 2*b, 4*b + 1516 = 4*z - b. Is z a composite number?
False
Is 4/(-6) + 5420/12 composite?
True
Let a = 4 + 0. Suppose 0*w + 24 = a*v + 4*w, -w = -4. Suppose -2 + 0 = 2*f, 2*f = v*u - 68. Is u composite?
True
Let o(x) = 790*x + 49. Is o(10) a prime number?
True
Let a(o) = 25*o + 14. Is a(15) prime?
True
Let d = 18 - 15. Suppose -3*n + 277 = d*q - 5*n, -372 = -4*q + 2*n. Is q composite?
True
Suppose 3*i - 19 = 2*i. Is i a prime number?
True
Let t(p) = p**3 - 22*p**2 + 33*p + 5. Is t(21) prime?
True
Let g be (0 + 2 - 1) + -1. Suppose 0 = -g*k - 4*k + 60. Suppose -7 = -y + k. Is y a prime number?
False
Suppose -4*g + g = -5*j - 54, 0 = 5*g - 2*j - 71. Let r = g + -64. Let q = 104 + r. Is q composite?
False
Let s = -1464 - -2712. Suppose s + 276 = 4*d. Is d a composite number?
True
Suppose -h = 4*h + 45. Let j = h - -4. Is j*((-56)/10)/2 a prime number?
False
Let g(n) be the second derivative of -n**4/12 + n**3/3 - n**2/2 + n. Let m be g(1). Is (m - 190/8)*-4 a prime number?
False
Suppose -5*u = -20 + 5. Suppose g + 2*f - 422 = -g, 0 = -4*g - u*f + 844. Is g prime?
True
Suppose m - 2849 = -6*m. Is m a prime number?
False
Suppose 6*a - 28 = -4*i + a, 2*i - 12 = -2*a. Let r(d) = 14 - d**2 + i*d + 2*d**2 - 2*d. Is r(0) a prime number?
False
Suppose 5*g - 4*y = -5, 5*g - 2*g = y - 3. Is (-2)/(g - 1)*67 prime?
True
Let a be (-4)/1 - (-214 + 1). Suppose 0 = 3*s - a - 772. Is s composite?
True
Let s(v) = -30*v - 1. Suppose 0 = -4*i - 2*n + 32, 0 = 4*n + 8. Suppose -3*l = i - 0. Is s(l) a prime number?
True
Is (-1 - -12)*91/7 a prime number?
False
Let w(s) = 2*s + 4. Suppose 0 = -4*z - 0*z + 20. Is w(z) a composite number?
True
Suppose -2*l = -5*l + 2808. Is l/42 - (-4)/(-14) a composite number?
True
Let f be 1/(-2)*-2*4. Suppose 0*l - f*j + 17 = l, 5*l = 5*j - 15. Suppose -s = -l - 5. Is s prime?
False
Let a(y) = 4*y - 3. Let t be (-22)/(-8) - 1/(-4). Suppose -t*p - b = -4*p + 8, p = -b - 2. Is a(p) a composite number?
True
Let x(m) = m**2 - 10*m + 13. Let c be x(9). Suppose 4*z - s - 526 = 0, -z - c*s - 139 = -2*z. Is z composite?
False
Suppose 0 = 2*x - 0*x. Let u = x + 6. Is -3*1*(-130)/u prime?
False
Suppose -2*v - 2 + 0 = -2*b, 0 = 4*v + 5*b - 23. Suppose 4*q = v*q + 6. Is 1/(-3*q/(-2313)) a composite number?
False
Let m(k) = 2*k**2 + 239. Let v(t) be the second derivative of t**4/12 + 119*t**2/2 + t. Let r(s) = -4*m(s) + 9*v(s). Is r(0) prime?
False
Suppose 0 = -4*v + 2*v + 12. Is 2/v + (-952)/(-6) a composite number?
True
Let h(j) = -7*j**2 - j. Let p be h(3). Let d(t) = t**3 + 11*t**2 + 5*t + 20. Let l be d(-9). Let b = p + l. Is b a prime number?
True
Let l = -6 + 12. Let y = 13 - l. Is y a composite number?
False
Let k(x) = 113*x - 49. Is k(6) a composite number?
True
Let a = 171 + -99. Suppose 2*l - 3*i - 67 = 0, 3*l - 35 = -2*i + a. Is l a composite number?
True
Let p = -89 - -141. Suppose p + 118 = 2*h - 5*r, h - 85 = 3*r. Is h prime?
False
Suppose -29 = -2*w + 17. Suppose -77 = -p + w. Let q = p - 65. Is q a prime number?
False
Suppose 5*d = 4*d + 2*v - 13, d - 5*v + 22 = 0. Let o = d + 14. Suppose -4*j + o = -3*j. Is j a composite number?
False
Suppose -7 = -4*i + 5. Suppose 2*w - 300 = i*x - 8*x, -x = -4*w - 82. Suppose -x = -3*z + z. Is z a composite number?
False
Suppose 0*o = 4*o + 16, 2*o = -4*b + 612. Is b prime?
False
Let j(d) = 156*d + 25. Is j(7) prime?
True
Let p(j) = 2*j**3 + 1. Let a be p(1). Suppose -2*r = 2*r + 3*i - 328, 0 = -a*r + 2*i + 229. Is r composite?
False
Let z = 582 - 295. Is z a prime number?
False
Is (0 - -2)/((-3)/(-6)) + 1183 a prime number?
True
Let d(j) = j**3 + 6*j**2 + 4*j - 7. Let y be d(-5). Let s(o) = -65*o - 3. Is s(y) a composite number?
False
Let f = -3 + 4. Suppose 9 - f = -2*n. Is (-6)/n*8/3 a prime number?
False
Let c(u) = -u + 1. Let o = -10 - -5. Let z be c(o). Suppose 4*t - z*t + 110 = 0. Is t composite?
True
Suppose 5*y - 2 = 28. Let z(u) = -y + 2*u - 3*u - 2*u. Is z(-5) prime?
False
Suppose -3*r = -2*g + 2807, 4*g - r - 7988 + 2389 = 0. Is g composite?
False
Suppose -2*m = 2, 2*z = 7*z + 2*m - 1113. Is z composite?
False
Suppose -4*g = -4*u - 6168, 5*g - 2*u - 7718 = -5*u. Is g a composite number?
False
Suppose s - 239 = -4*a, 2*s + 2*s - 5*a - 872 = 0. Is s composite?
False
Suppose 12*g = -g + 17069. Is g composite?
True
Is (-843)/(-4) + (-2)/(-8) a composite number?
False
Let y(r) = 56*r**2 - 2*r + 1. Suppose 5*u + 3*v - 17 = 0, -5*v + 17 = -3. Is y(u) a prime number?
False
Let t = 9 + -10. Is (-44 - t)*-1*1 a prime number?
True
Let k(u) = u**3 + 4*u**2 - u - 1. Let s be k(-4). Suppose -6*w + s*w = 4*x + 8, -3*x + 19 = -4*w. Is (-18)/w*6 - 2 a prime number?
False
Suppose 0 = 6*q - 11*q + 1570. Suppose -4*d + 2*d = -q. Is d a composite number?
False
Suppose 3*x = -15, c - 2*x - x - 19 = 0. Suppose -j = -3 + c. Let q = 36 + j. Is q prime?
False
Let n(u) be the third derivative of u**6/120 + 3*u**5/20 - 5*u**4/12 + u**3/6 - 3*u**2. Let d be n(-10). Is (d + 0)*(-4 - -23) a prime number?
True
Let k be (-3450)/(-2)*6/(-9). Is k/(-6) - (-8)/(-12) composite?
False
Suppose -3*z - 2*o = 43 + 1, -2*o - 26 = 2*z. Is 445/6 + 3/z a co